ime factors of (-1 - (-79)/3)*b/(-1)?
2, 19
Let y(d) be the third derivative of 5*d**5/12 - d**3/6 + 12*d**2. List the prime factors of y(1).
2, 3
Suppose 9 = 3*j + 33. Let m be (-2)/j*4 - -1. Suppose -3*z = -m*w + 22, 3*w - z = 13 + 20. What are the prime factors of w?
11
Suppose 12*o - 446 = 34. What are the prime factors of o?
2, 5
Suppose -5*m + 0*m = -3*r - 6, -10 = 5*r. Let y = -5 - -3. Let t = m - y. What are the prime factors of t?
2
Suppose 2*x + 9*i - 6*i - 2105 = 0, -5260 = -5*x - 5*i. What are the prime factors of x?
1051
Let x(v) = 49*v**2 + 30*v - 81. What are the prime factors of x(3)?
2, 3, 5
Suppose 0 = 44*y - 51*y + 6384. What are the prime factors of y?
2, 3, 19
Suppose -22*d - 40 = -17*d. Let b(n) = -20*n - 5. Let l be b(d). Suppose -l = -5*t + t - s, -s = -2*t + 73. List the prime factors of t.
2, 19
Suppose 7 = -3*y + 3*t + 19, 0 = 2*y + t - 2. Let c be 8/2 + 118/y. Let f = 115 - c. What are the prime factors of f?
2, 13
Suppose -2*i - 4*b + 832 = 0, 4*i + i + 3*b - 2094 = 0. What are the prime factors of i?
2, 3, 5, 7
What are the prime factors of ((-290)/29)/(8/(-3876))?
3, 5, 17, 19
Let u be (3 + -4)/((-1)/(-29)). Let q = u - -163. What are the prime factors of q?
2, 67
Let r = 1033 + -415. What are the prime factors of r?
2, 3, 103
Suppose -5*a + 305 = -80. Suppose -5*r + 3*z = -161, 4*r - a - 44 = 5*z. What are the prime factors of r?
2, 17
Let t(c) = c**2 + c - 1. Let y be t(2). Suppose -4*z - 1760 = -4*u - 9*z, -2200 = -5*u + y*z. Suppose h + u = 9*h. What are the prime factors of h?
5, 11
Let l(o) = -o**2 - 3*o + 8. Let i = 4 - 8. Let f be l(i). List the prime factors of f/14 - (-178)/14.
13
Let m = 88 + 597. What are the prime factors of m?
5, 137
Let o(t) = -t**3 + 43*t**2 + 24*t + 28. What are the prime factors of o(43)?
2, 5, 53
Let v = -432 + 221. Let l = -128 - v. What are the prime factors of l?
83
List the prime factors of (-247)/13*(-27 + 1).
2, 13, 19
Suppose -2*m = -3*m + 166. Suppose -2*p = -430 + m. Suppose -2*d + p = 2*d. What are the prime factors of d?
3, 11
List the prime factors of (3571/(-2) + 6)/(2/(-4)).
3559
Let i be -1*(2 - (-2)/2). Let b be (-2 + -1)/(i/4). List the prime factors of 252/15 - b/(-20).
17
Let g be 10/6 + 7/21. Suppose -149 = -g*n - 3*b, 3*n + 268 = 7*n - 4*b. What are the prime factors of n?
2, 5, 7
Let r(o) = o**3 - 17*o**2 + 17*o - 14. Let x be r(16). Suppose 5*z + 5*f = -100, x = z + 4*f + 7. Let t = 38 + z. List the prime factors of t.
13
Let s(w) = 5*w + 0*w**2 + 5*w**2 + 4*w**2 - 4*w**2 - 5. What are the prime factors of s(4)?
5, 19
Let n be ((-22)/3)/((-8)/(-12)). Let d = n + 3. Let m = 22 + d. What are the prime factors of m?
2, 7
Let d(p) = p**3 - 4*p**2 + 3*p - 2. Suppose 11 = 2*a + 5*t - 17, 5*a = -t + 24. Let x be d(a). List the prime factors of x/8*4*2.
2, 5
Let c(v) = 1028*v - 61. What are the prime factors of c(5)?
3, 1693
Let u be -2 - -1 - 11/1. Let y be u/30 - (-72)/5. Let i = y + -12. What are the prime factors of i?
2
Let o = -61 + 27. Let h = 23 + o. Let f = 4 - h. List the prime factors of f.
3, 5
Suppose 7*y - 8*y + 11 = 0. Suppose -3*s - 19 = -5*c, 0 = 3*c - 5*c - 5*s - y. Suppose -3*r = -c*r - 24. List the prime factors of r.
2, 3
Let n be 7*5/(-5) + 2. Let g(u) = 3*u + 3 + 2*u - 6*u. List the prime factors of g(n).
2
Let i(u) = -7*u**3 - 9*u**2 - 3*u + 20. Let f(l) = 3*l**3 + 5*l**2 + l - 10. Let c(g) = 9*f(g) + 4*i(g). List the prime factors of c(8).
2, 3, 5
Suppose -l = -3*p + 608, 2*p - 7*p + l = -1014. Suppose 3803 = 16*s + p. List the prime factors of s.
3, 5
Let h(w) = 21*w**2 + w - 57. List the prime factors of h(10).
2053
Let x = 13 + -8. Suppose -x*g + 4*g + 9 = 2*v, g = -4*v + 17. Let d(i) = -i**2 + 8*i + 3. What are the prime factors of d(v)?
19
Let w be (2 - 0/2) + 1. Let q(z) = z**3 - 2*z**2 - 2*z - 3. Let y be q(w). Suppose 0*f - 4*f + 28 = y. What are the prime factors of f?
7
Let q(y) = 9*y**2 - 5*y - 5. Let d be q(6). Suppose 4*p + k - d = 0, -2*p - 3*k = k - 162. What are the prime factors of p?
71
Suppose -4*s + 23 = g, g + 3*g - 27 = -3*s. Suppose -4*n = -n + s*y, -15 = 5*y. Suppose 0 = n*c - 7 - 13. List the prime factors of c.
2
Let j = -60 - -19. Let b = j + 78. List the prime factors of b.
37
Let s = 6 - -4. Let p(g) = g - 8. Let d be p(s). Suppose d*c = 2*b + 88, -3*c + 4*b + 52 = -83. What are the prime factors of c?
41
Let t(i) be the third derivative of i**4/3 + 4*i**3/3 + i**2. Let y be t(4). Suppose -2*g + 51 = 5*v, 3*v - y = -3*g - 13. List the prime factors of v.
11
Let u(k) be the third derivative of k**4/3 + 3*k**3/2 - 9*k**2. Let g be u(3). Suppose -2*c + 3*c - g = 0. List the prime factors of c.
3, 11
Let d(h) = -h**2 - 50*h + 563. What are the prime factors of d(-58)?
3, 11
Let s(f) = 6*f + 69. List the prime factors of s(22).
3, 67
Let d be 6/9*(-10)/3*-108. Suppose -3*x + 4*x - 4*c = 66, 5*x = 2*c + d. What are the prime factors of x?
2, 23
Suppose -5 = -148*x + 153*x, 4*x - 472 = -4*a. What are the prime factors of a?
7, 17
Let s(y) = -2*y**2 + 14*y - 16. Let w be s(5). Suppose 0 = -5*k - 4*t + 364, 3*k + 2*t = w*k - 84. List the prime factors of k.
2, 19
Suppose 4*y - 5 - 2 = z, 5*y + 2*z + 1 = 0. Let i = -86 - -80. What are the prime factors of 7 + i - (-39)/y?
2, 5
Suppose 0 = -5*d - 4*n + 11853, -4*d + 9501 = 153*n - 156*n. What are the prime factors of d?
3, 7, 113
Let n(g) = 2*g**3 - 2*g**2 - 1. Let l be n(2). Let z(f) = 0*f**2 - 10*f + 12*f + 3*f**2 + l. List the prime factors of z(-3).
2, 7
Suppose -5*n = -2*d - 2*n + 10, -3*n = 3*d. Suppose -d*l = -4*l + 42. List the prime factors of l.
3, 7
Let q = -85 + 89. Suppose -93 = -5*l + 6*v - 2*v, -q*l - 2*v + 90 = 0. List the prime factors of l.
3, 7
Suppose 2*h + 3 = -3*r, -5*r - 5 = -h - 39. What are the prime factors of 9/(-2)*138/h?
3, 23
Let u(k) be the third derivative of 11*k**4/3 + 7*k**3/6 + 9*k**2. List the prime factors of u(2).
3, 61
Suppose 7*t + 11 + 17 = 0. What are the prime factors of 4*(0 - 15/t)?
3, 5
Let j(u) = -24 - u**2 - 12*u - 7*u + 0*u**2. What are the prime factors of j(-12)?
2, 3, 5
Let w = 1414 + 779. What are the prime factors of w?
3, 17, 43
Let s = 142 + -91. Let p = s + -49. What are the prime factors of p?
2
Let v = -6002 + 8823. List the prime factors of v.
7, 13, 31
Let g be ((-18)/(-30))/((-2)/10). Let z(n) = n**2 - 2. Let o be z(g). Suppose -2*k + o*k = 85. List the prime factors of k.
17
Let q be (4/(-6))/(2/(-180)). Suppose s + 5 = 6*f - 2*f, 5*f - 19 = -3*s. Suppose 9 = -s*j - 3*l + q, 0 = 3*j + 4*l - 55. What are the prime factors of j?
13
Let a(c) = -c**2 + 8*c - 2. Let p = -28 + 7. Let i be (-40)/(-7) + (-6)/p. What are the prime factors of a(i)?
2, 5
Let w(z) be the second derivative of 79*z**4/12 - 5*z**3/6 + 3*z**2 + 24*z. What are the prime factors of w(1)?
2, 5
Suppose 0 = -2*t + f + 33, 5*t - 79 - 2 = 3*f. Let v(q) = -q**3 + 18*q**2 + 5*q - 17. What are the prime factors of v(t)?
73
Let j = -30 + 55. Suppose 0 = -3*r - 2*v + 107 - j, -2*v - 62 = -3*r. List the prime factors of r.
2, 3
Let h(w) = w**3 - 6*w**2 + 7*w - 7. Suppose m - 4 = 1. Let i be h(m). Suppose 0 = i*p - 74 - 25. List the prime factors of p.
3, 11
Let d(f) = -6*f + 3. Let o(g) be the third derivative of -g**4/24 - g**3/6 + 7*g**2. Let m(t) = -d(t) + 12*o(t). List the prime factors of m(-14).
3, 23
Suppose 3552 + 464 = 16*i. Let g(c) = c**2 + 2. Let b be g(-5). Suppose -5*y + 2*j + 2*j + i = 0, -y - 5*j + b = 0. What are the prime factors of y?
47
Suppose 0 = 2*o + 4*g - 848, 3*o + 2075 = 8*o + g. What are the prime factors of o?
2, 3, 23
Let c(i) = i**2 + i + 4. Let d be 51/9 + (-8)/12. List the prime factors of c(d).
2, 17
Let q = -5 + 2. Let y be (-9)/q*-1 + 25. List the prime factors of (-2 - -3) + y - 0.
23
Let w be (-4290)/(-44)*(-4)/3. Let t = 33 - w. List the prime factors of t.
163
Let z be (-3 - (2 - 4) - 1) + -103. What are the prime factors of (-2)/((-200)/z - 2)?
3, 7
Suppose -20 = -7*d + 687. What are the prime factors of d?
101
Suppose -5*x + 2*y = 4 - 12, 0 = -3*x - 3*y - 12. Suppose -11*i + i + 2540 = x. List the prime factors of i.
2, 127
Let x = 227 - 20. Suppose 3*h = 4*d - 460, -375 = -5*d + 2*h + x. List the prime factors of d.
2, 59
Let d = -28 + 28. Suppose g - 4*m - 5 = 0, d = 4*g - 0*m - 5*m - 53. List the prime f